*p - 3866. Give m(-10).
34
Let s(a) = -13*a**2 + 902*a - 7306. What is s(60)?
14
Let l(n) = -513*n - 20921. Calculate l(-41).
112
Let v(u) = 11*u**3 + 220*u**2 + 248*u - 79. What is v(-20)?
-5039
Let i(f) = f**3 + 85*f**2 - 4472*f - 377188. Determine i(-86).
8
Let a(s) = 4*s**3 + 707*s**2 + 5797*s - 13953. Calculate a(-168).
-9
Let l(k) = k**2 + 1038*k - 6241. Give l(6).
23
Let s(z) = 253*z - 1432. Give s(-5).
-2697
Let o(p) = p**3 + 166*p**2 - 885*p + 159. Determine o(5).
9
Let t(f) = 159954*f + 10556943. Calculate t(-66).
-21
Let n(g) = 5559*g + 72180. Determine n(-13).
-87
Let a(p) = -p**3 + 89*p**2 - 1107*p + 98515. Calculate a(89).
-8
Let g(a) = 2*a**2 - 5048*a + 40237. What is g(8)?
-19
Let o(m) = 12*m**3 + 386*m**2 + 73*m + 154. Determine o(-32).
-134
Let n(q) = -4*q**2 + 228*q - 61. What is n(68)?
-3053
Let z(v) = -13*v**2 - 472*v + 3710. Calculate z(-43).
-31
Let r(u) = 441*u**2 - 2253*u + 13. Give r(5).
-227
Let v(m) = -2*m**2 + 10518*m + 179377. Calculate v(-17).
-7
Let g(k) = -707*k + 18302. Calculate g(25).
627
Let r(w) = w**3 - 378*w**2 - 3096*w + 3134. Determine r(386).
46
Let h(b) = -b**2 + 115*b + 34019. What is h(250)?
269
Let x(w) = 7530*w + 22593. What is x(-3)?
3
Let r(k) = 3*k**3 - 13*k**2 + 154*k + 2017. Determine r(-11).
-5243
Let c(p) = -3*p**2 + 1040*p + 141156. Determine c(451).
-7
Let z(y) = -224*y**2 - 71286*y - 17188. What is z(-318)?
-16
Let b(c) = -c**3 - 20*c**2 + 68*c + 758. Give b(-24).
1430
Let i(c) = -3*c**2 + 11875*c + 11874. Determine i(-1).
-4
Let f(m) = -5*m**2 + 173*m - 53. What is f(38)?
-699
Let w(l) = -l**2 + 8458*l + 42321. Give w(-5).
6
Let y(q) = -q**3 - 83*q**2 + 26*q - 5084. Calculate y(-84).
-212
Let b(i) = i**3 - 3*i**2 - 8801*i + 35223. What is b(4)?
35
Let p(d) = 8376*d - 661711. Determine p(79).
-7
Let k(s) = -s**2 - 975*s - 49733. Calculate k(-54).
1
Let f(d) = 666*d**2 - 145856*d + 451. What is f(219)?
13
Let u(f) = -9*f**2 + 18566*f - 129564. Give u(7).
-43
Let r(j) = -17*j**3 - 411*j**2 - 81*j - 82. What is r(-24)?
134
Let f(c) = 9688*c + 55765. What is f(-6)?
-2363
Let z(k) = -k**2 - 47*k - 293. Calculate z(-35).
127
Let f(y) = -5*y**2 + 504*y - 4869. What is f(10)?
-329
Let q(w) = -w**2 + 4530*w - 285773. Give q(64).
51
Let l(v) = 2*v**3 - 448*v**2 + 424*v + 3726. What is l(223)?
-1180
Let l(f) = -292*f + 31870. Determine l(103).
1794
Let k(j) = 2*j**2 - 99*j + 760. Give k(30).
-410
Let o(x) = 2190*x**2 + 2965*x - 3. Calculate o(-1).
-778
Let x(k) = -k**2 + 1591*k + 17664. What is x(-11)?
42
Let b(z) = 11*z**2 - 4222*z + 37091. Determine b(9).
-16
Let s(x) = -419*x - 28274. Calculate s(-69).
637
Let y(a) = a**2 + 586*a - 5987. Determine y(10).
-27
Let j(y) = 260*y - 46548. Give j(179).
-8
Let r(c) = 2*c**2 + 33*c - 640. What is r(9)?
-181
Let q(s) = 2*s**3 + 18*s**2 + 66*s + 286. What is q(-7)?
20
Let g(a) = 2*a**2 - 412*a - 11036. Determine g(236).
3124
Let a(i) = -3519*i + 1843837. Calculate a(524).
-119
Let z(v) = 36*v - 1987. What is z(-50)?
-3787
Let w(t) = -2*t**2 + 548*t - 17084. Determine w(238).
52
Let t(d) = 859*d + 250051. Calculate t(-291).
82
Let w(d) = -1325*d**3 + 22524*d**2 - 13*d + 70. Determine w(17).
-440
Let x(f) = -74*f - 201. Calculate x(-1).
-127
Let v(h) = 2028*h**2 - 120*h + 120. Give v(1).
2028
Let x(v) = -968*v**3 - 2*v**2 + 23*v + 25. What is x(-1)?
968
Let t(b) = 2*b**3 + 39*b**2 - 338*b - 146. What is t(7)?
85
Let i(p) = -p**2 + 265*p + 12244. Give i(-39).
388
Let o(f) = -6*f**2 - 79*f + 417. What is o(4)?
5
Let y(h) = 30*h**2 + 1653*h - 3357. Calculate y(2).
69
Let f(y) = 5787*y - 16137. Calculate f(3).
1224
Let d(w) = -715*w + 25740. Give d(36).
0
Let l(p) = -67175*p - 201502. Determine l(-3).
23
Let t(m) = 219*m + 1242. Give t(-8).
-510
Let f(d) = 14*d**3 + 23*d**2 - 1765*d - 5316. Give f(-3).
-192
Let d(x) = 2*x**2 - 19*x + 50. What is d(-7)?
281
Let a(n) = n**3 - 11*n**2 + 16263*n - 146219. Give a(9).
-14
Let b(n) = 794*n - 169910. Determine b(214).
6
Let b(g) = -2*g**3 - 270*g**2 + 2874*g + 28. Give b(10).
-232
Let k(m) = -4389*m - 45181. Determine k(-10).
-1291
Let f(g) = 2*g**3 - 28*g**2 - 6779*g + 101196. What is f(15)?
-39
Let p(s) = s**2 - 127*s - 1418. What is p(-15)?
712
Let v(h) = h**2 + 321*h + 1010. Calculate v(-5).
-570
Let i(x) = -36*x**2 + 32242*x - 115959. What is i(892)?
1
Let l(m) = m**3 + 13*m**2 + 43*m + 601. Give l(-10).
471
Let z(d) = -2*d**2 + 165*d - 860. Determine z(56).
2108
Let p(z) = -5*z**3 - 1478*z**2 - 2325*z + 7933. What is p(-294)?
-5
Let j(k) = 3002*k**2 + 5966*k - 82. Calculate j(-2).
-6
Let g(a) = -2*a**2 - 3500*a - 1062774. Calculate g(-391).
-36
Let j(g) = -3605*g + 2829888. Give j(785).
-37
Let i(g) = -g**3 + 214*g**2 + 294*g - 16942. Give i(215).
43
Let b(i) = -144821*i**2 + 724106*i - 6. What is b(5)?
-1
Let w(i) = -4*i**2 - 154*i - 1895. Determine w(-19).
-413
Let a(x) = -4515*x - 13542. Determine a(-3).
3
Let d(u) = u**3 - 538*u**2 - 17634*u - 2851. Calculate d(569).
-6
Let l(q) = q**3 + 9*q**2 + 61*q + 133. Calculate l(-4).
-31
Let j(i) = -376*i - 10067. Determine j(-27).
85
Let h(w) = 1749*w - 7938. What is h(4)?
-942
Let n(m) = 2*m**3 + 6*m**2 - 149*m + 10. Determine n(0).
10
Let w(g) = 13689*g + 54323. Determine w(-4).
-433
Let s(v) = v**2 + 183*v - 9728. Calculate s(43).
-10
Let h(u) = -20808*u - 62418. Determine h(-3).
6
Let a(f) = -f**3 + 125*f**2 - 3149*f - 77. Calculate a(35).
-42
Let t(d) = -108044*d - 107870. Determine t(-1).
174
Let s(w) = -163*w**2 + 2728*w + 737. Give s(17).
6
Let g(w) = 7*w**3 + 37*w**2 + 7820*w + 39054. Calculate g(-5).
4
Let m(w) = w**2 + 480*w - 5878. What is m(12)?
26
Let f(b) = -b**3 - 251*b**2 - 1474*b - 1369. What is f(-245)?
-389
Let z(n) = -396*n**2 + 4560*n + 7646. Determine z(13).
2
Let b(l) = 7*l**3 - 110*l**2 - 1763*l + 8881. What is b(24)?
-23
Let i(y) = 2259*y**2 - 81*y + 83. What is i(1)?
2261
Let b(g) = 3*g**2 - 819*g + 43798. Calculate b(200).
-2
Let n(b) = -374396*b + 2246397. Give n(6).
21
Let o(p) = 38703*p + 309671. Give o(-8).
47
Let z(u) = -u**3 + 21*u**2 - 98*u + 1093. Determine z(19).
-47
Let f(n) = -1379*n + 370978. Calculate f(269).
27
Let p(q) = 52243*q + 51302634. Give p(-982).
8
Let i(b) = b**2 - 61*b + 686. Calculate i(16).
-34
Let t(v) = -v**3 + 2*v**2 - 13*v - 195. Give t(0).
-195
Let k(q) = 3395*q - 245503. What is k(72)?
-1063
Let p(t) = -2477868*t + 49557351. Give p(20).
-9
Let h(v) = 9*v**2 - 68*v - 693. Give h(13).
-56
Let p(u) = -u**3 + 6*u**2 - 1231*u + 7393. Give p(6).
7
Let a(n) = -42*n**2 + 8855*n + 1469. Determine a(211).
-8
Let f(n) = -1297430*n - 15569181. What is f(-12)?
-21
Let v(n) = -2*n**3 - 13*n**2 + 19*n - 10. Calculate v(7).
-1200
Let o(g) = 863*g - 27614. Determine o(32).
2
Let r(b) = -5*b**3 - 440*b**2 + 21*b + 14. Calculate r(-88).
-1834
Let u(v) = -35*v**2 + 1431*v - 10714. Calculate u(31).
12
Let z(a) = 4996*a - 44956. Determine z(9).
8
Let z(j) = -255*j**2 + 35446*j - 177. Determine z(139).
-38
Let v(u) = 86*u**2 + 788*u + 141. Give v(-10).
861
Let q(h) = -h**3 - 249*h**2 - 13574*h + 5735. Determine q(-168).
23
Let k(c) = -4290*c**2 + 51464*c + 71. Determine k(12).
-121
Let w(x) = -x**3 + 577*x**2 - 14342*x + 8796. What is w(551)?
-20
Let f(x) = 45*x**2 - 675*x - 4047. Calculate f(-6).
1623
Let o(p) = p**3 + 2923*p**2 + 69579*p + 84. Determine o(-24).
12
Let v(h) = -158*h + 45043. What is v(285)?
13
Let w(f) = 188*f - 9872. Determine w(52).
-96
Let w(a) = -a**3 + 496*a**2 + 6094*a - 23. What is w(-12)?
1
Let j(w) = -3*w**3 + 29*w**2 + 566*w - 5562. Determine j(10).
-2
Let p(a) = -210*a - 1516. What is p(1)?
-1726
Let d(n) = 368*n - 157133. Determine d(427).
3
Let o(s) = 19228*s + 134628. Calculate o(-7).
32
Let y(x) = -8066*x - 475892. What is y(-59)?
2
Let u(v) = -8*v**3 - 1802*v**2 + 1377*v + 4739. What is u(-226)?
-7
Let k(v) = 1006*v + 148870. Give k(-148).
-18
Let v(r) = -r**3 - r**2 - 20*r + 55. What is v(4)?
-105
Let t(l) = 9*l**2 - 13081*l + 39247. What is t(3)?
85
Let o(f) = 6972*f + 934256. Determine o(-134).
8
Let n(u) = 18702*u + 112614. Calculate n(-6).
402
Let k(p) = -6469*p - 58242. Determine k(-9).
-21
Let h(z) = -2*z**3 - 7*z**2 - 17*z + 104. What is h(-9)?
1148
Let l(t) = 4*t**3 + 107*t**2 - 7*t + 350. Calculate l(-27).
-190
Let c(a) = -1374414*a - 15118543. What is c(-11)?
11
Let d(t) = -1168*